ose 36*d - 81 = -3*h + 38*d, h - d = 30. What is the remainder when 14674 is divided by h?
16
Let y(r) = 1390*r**2 + 17*r + 6. What is the remainder when y(-2) is divided by 27?
24
Suppose -49 = -3*q - 37. Suppose -2*r - 1 + q = -3*f, -4*r = f + 1. Let i(a) = -44*a - 2. What is the remainder when i(f) is divided by 23?
19
Let n(b) = 1146*b**3 - 2*b**2 - 3*b + 5. What is the remainder when n(1) is divided by 23?
19
Let v(x) = 14*x + 11. Let k be v(0). Suppose k*u - 247 = 468. Calculate the remainder when 322 is divided by u.
62
Let w = 20333 + -1891. Calculate the remainder when w is divided by 174.
172
Let h(g) = -g**3 + 83*g**2 - 7*g + 677. Calculate the remainder when 191 is divided by h(83).
95
What is the remainder when 209265/2205 - (-4)/42 is divided by 17?
10
Suppose -7*z + 8*z + 5*k - 12 = 0, -2*z = -2*k. Suppose z*a + 3*a + 3*g = 148, -4*a + 132 = -g. What is the remainder when 88 is divided by a?
24
Suppose 16*z - 3786 - 678 = 0. Calculate the remainder when z is divided by 69.
3
Suppose -8*z = -12*z - 12, -5*g = 5*z - 135. Calculate the remainder when 9597 is divided by g.
27
Let n(y) = 350*y - 3799. What is the remainder when n(13) is divided by 41?
13
Let v(y) = 1 - y**2 + 5*y**2 + 4 - 2*y. Let n(c) = c**3 + 4*c**2 - 29*c - 15. Let g be n(4). Calculate the remainder when v(g) is divided by 12.
11
Let d = -247 - -481. Let u = 7273 - 7193. Calculate the remainder when d is divided by u.
74
Let o(n) = -6*n**2 - 142 + 8*n**2 - 6*n - 7*n - 53 - 6*n. What is the remainder when o(-12) is divided by 36?
33
Suppose 5*h + 4*j = -3659 + 19157, -2*h + 4*j + 6216 = 0. What is the remainder when h is divided by 13?
8
Suppose 3*p - 73 = 4*b, b = -0*b + 3*p - 16. Let n = b + 21. Suppose -2*i = 5*j - 43, 0*j = n*i - j - 61. What is the remainder when i is divided by 10?
9
Suppose 0 = -376*r + 383*r - 15435. What is the remainder when r is divided by 130?
125
Let s(g) = g**3 + 31*g**2 - 17*g + 602. What is the remainder when 308 is divided by s(-32)?
64
Suppose 0 = 3*m + 6 + 12. Let l(b) = 3*b + 23. Let x be l(m). Suppose -x*w - 57 = -3*y, -4*w = 2*y - 2*w - 22. Calculate the remainder when y is divided by 4.
2
Let h(o) = o**3 + 21*o**2 - 7*o - 28. Let d = -1 - -9. What is the remainder when h(-21) is divided by d?
7
What is the remainder when 1013 is divided by (463/926)/((-2)/208*-2)?
25
Calculate the remainder when 918 is divided by (-7 + (-3 - -4) + 13/2)*52.
8
Let b(y) = 3*y + 35. Let w be (-3)/2 - 90/(-12). Suppose w*r - 24 = 9*r. What is the remainder when 51 is divided by b(r)?
7
Let w be (-221)/(-4) - 18/72. Suppose 31*v = w*v - 3816. What is the remainder when v is divided by 32?
31
Suppose 0 = 33*u - 39*u - 138. Calculate the remainder when (2254/12)/u*-12 is divided by 55.
43
Let l(g) = -6*g - 1. Let s(h) = 13*h - 50. Let n be s(7). Let u = n + -50. What is the remainder when l(u) is divided by 14?
11
Suppose 49*h - 50*h = -15. Calculate the remainder when (216/10)/((-352)/(-55) + -6) is divided by h.
9
Let n = 108 - 32. Let p = -123 - -116. What is the remainder when n is divided by (-2086)/(-98) + ((-2)/p)/(-1)?
13
Let x = -107 - -135. Suppose -3*f + j = -332 + 28, -4*f + 5*j = -420. Calculate the remainder when f is divided by x.
16
Let p(o) = o**3 - 32*o**2 + 80*o + 96. Calculate the remainder when p(42) is divided by 22.
20
Let v = 153 + -168. What is the remainder when (13 + v)*57/(-2) is divided by 10?
7
Let o(d) be the first derivative of -11*d**4/4 + d**3/3 + d**2/2 + d + 17. Let r = -117 + 160. Calculate the remainder when r is divided by o(-1).
7
Suppose y - 24 + 6 = 0. Suppose 2*g - 3*n - 127 = 0, 0 = -59*g + 64*g + 2*n - 346. Calculate the remainder when g is divided by y.
14
Let b(q) = -q**2 - 87*q - 1460. Calculate the remainder when b(-28) is divided by 58.
18
Let p(c) = -10*c**2 - 39*c + 1330. What is the remainder when p(0) is divided by 657?
16
Let y = 5539 - 4211. Calculate the remainder when y is divided by 38.
36
Let b be 2/11 + 7/11*17. Suppose b*h = 32 - 10. Suppose h*z + 3*z - 5*k - 255 = 0, -z + 39 = 2*k. What is the remainder when 233 is divided by z?
45
Suppose 25*j + 12 = 21*j, 0 = -4*v + 3*j + 133. Let h = 38 + -33. Calculate the remainder when v is divided by h.
1
Let w(u) = 708*u - 664. Calculate the remainder when 165 is divided by w(1).
33
Suppose 5*u = -3*n + 295, -3*u - u - 4 = 0. Let z(y) = 2*y**2 - 106*y - 2346. Calculate the remainder when n is divided by z(70).
32
Let d(w) be the first derivative of -w**3/3 + 3*w**2/2 - 9*w - 6. Let x be d(3). Let u = x + 34. What is the remainder when u is divided by 9?
7
Let a(h) = -h**3 + 31*h**2 - 157*h - 213. Suppose -686 - 169 = -5*b. What is the remainder when b is divided by a(24)?
18
Suppose -7*s - 992 + 1174 = 0. Let q(z) = -z**2 + 8*z - 4. Let o be q(7). Suppose 3*m - 12 = -o. What is the remainder when s is divided by m?
2
Suppose -23 = -3*r + 28. Let t(w) = r*w + 3 - 13*w**2 + 13*w**2 - w**2 - 4. What is the remainder when t(14) is divided by 9?
5
Let c = -62 - -89. What is the remainder when (-850)/(-4) + (-9)/2*80/(-720) is divided by c?
24
Let w = 337 - 219. Suppose j + 3*j - w = -2*f, f = 1. What is the remainder when 345 is divided by j?
26
Let z be 73*(-6 + 4/(12/15)). Let c = 169 + z. Calculate the remainder when 862 is divided by c.
94
Suppose -3*l + 1199 = 5*m, -l + 2*l + 711 = 3*m. Let s = -11 - -47. Suppose -y - 3*y + s = -3*a, a = 3*y - 32. Calculate the remainder when m is divided by y.
10
Let u(r) = r**2 - 11*r - 62. Let k be u(16). Let z(i) = 6*i**2 - 77*i - 28. Calculate the remainder when z(k) is divided by 59.
58
Let a = -24 - -28. Let l(i) = 8*i + 29. What is the remainder when l(a) is divided by 14?
5
Let l = -243 + 249. What is the remainder when 18/(0 - l) + 232 is divided by 58?
55
Let r(t) = -201*t - 5996. Suppose -4*s = 2*u + 14 + 10, 0 = -5*s - u - 27. Calculate the remainder when r(-30) is divided by ((-18)/(-15))/((-1)/s).
4
Let v(r) = r**2 + 4*r**2 + r**2 - 2*r + 3 - r**2 + 4*r**2. Calculate the remainder when 308 is divided by v(1).
8
Let d(m) be the first derivative of -5*m**2 - 215*m + 41. What is the remainder when d(-50) is divided by 100?
85
Let d(o) = -o**3 - 27*o**2 + 27*o + 63. Calculate the remainder when 454 is divided by d(-28).
90
Let t be 2/(48/(-18))*24. What is the remainder when 55 is divided by (-2494)/(-261) + (-8)/t?
5
Suppose -74*r - 95*r + 3887 = 0. Let w(m) = m**3 + 5*m**2 + 2*m + 7. Let f be w(-5). Let u = 45 + f. Calculate the remainder when u is divided by r.
19
Let t be -4 + 65 - 14/(-7). Suppose 3*k - 4*y = -3*y + 73, -3*y = -3*k + t. What is the remainder when k is divided by 3?
2
Suppose r - 7950 = -2432. What is the remainder when r is divided by 120?
118
Suppose 4*x = -8, -4*b + 2*x + 314 = -x. Suppose -9*r + b = -4. Calculate the remainder when 221 is divided by r.
5
Let r be ((-5)/3)/((-26)/(-234)). Calculate the remainder when 2 is divided by (-17 - r)/(-1 - 1).
0
Let b(s) = 66*s + 23. Let r be b(3). Suppose 4*c = -3*v + r, 0 = -5*v - 3*c - c + 355. What is the remainder when v is divided by 36?
31
Let h(c) = -c + 7. Let o be h(-11). Suppose o*w = 13*w. Suppose 2*t + w*t = 14. What is the remainder when 13 is divided by t?
6
Let g be 16/56 + 18812*(-4)/(-56). Suppose 0 = 109*h - 88*h - g. Let r = 22 + -11. What is the remainder when h is divided by r?
9
Let z(o) = 6*o + 2. Let h(a) = 16*a - 85. Suppose 0 = -u + 4*r - 10, 5*u + 2*r - 28 - 10 = 0. Calculate the remainder when z(3) is divided by h(u).
9
Let n be 3 + ((-120)/1)/(-3). Suppose -45*d + 396 = -n*d. What is the remainder when d is divided by 51?
45
Let c(h) = -1833*h - 5279. What is the remainder when 3515 is divided by c(-3)?
215
Calculate the remainder when 745 is divided by ((-29304)/(-48))/37 + 3/2.
7
Let p = 649 - 565. What is the remainder when 234 is divided by p?
66
Let o(n) = 2*n**2 + n - 2. Suppose -4*f = -5*b + 561, -f + 0*b - 132 = -4*b. Calculate the remainder when (-20)/(-24) - 14280/f is divided by o(-4).
22
Let o(m) = -23*m - 187. What is the remainder when 2062 is divided by o(-10)?
41
Suppose 0 = 13*p + 13 - 2223. What is the remainder when 170 is divided by p?
0
Let g(b) = b + 17. Let f(n) = -22*n + 23 + 12*n + n**2 - 12. Let z be f(3). Calculate the remainder when 29 is divided by g(z).
1
Suppose -5*y + c 